y and 6.
6
Suppose -23*m = -21*m - 4*h - 78, -3*m = -5*h - 118. Calculate the highest common factor of 943 and m.
41
Let f be 2*(11 + 13236/24). Calculate the highest common divisor of f and 500.
125
Suppose -413*j = -434*j + 15288. What is the highest common divisor of 65 and j?
13
Let b be ((-3)/(-4))/(10/320). What is the greatest common divisor of b and 3?
3
Let b be 471/(-314) - (-19)/2. Suppose -5*i + 0*i = -320. What is the greatest common factor of b and i?
8
Let g be 5/((-5)/(-2)) + 4. Let v be ((-25)/5)/(55/(-264)). Calculate the greatest common divisor of g and v.
6
Let b be 12*-2*-1 + -2. Let t = -501 - -523. Calculate the greatest common factor of t and b.
22
Suppose 10*d = 5*d + 220. Let y = 48 - d. Calculate the greatest common divisor of y and 2.
2
Let t = 552 + -127. Let p = t + -155. Let n = -190 + p. Calculate the highest common divisor of n and 32.
16
Let g(m) = -m**2 + 9*m - 8. Let r be g(6). Let l be 4/r + (-356)/(-10). Let f be (-6)/45 - 2704/(-30). What is the highest common divisor of f and l?
18
Suppose 26 = 3*i + 8. What is the greatest common factor of i and 48?
6
Suppose -10*a + 7*a = -6, -192 = -4*j - 4*a. Calculate the highest common divisor of 598 and j.
46
Let x(q) = q**2 - q + 1. Let g(l) = 4*l**2 - 3*l + 6. Let h(i) = g(i) - x(i). Let p be h(2). What is the greatest common factor of p and 1?
1
Let v = -582 + 598. Calculate the greatest common factor of 688 and v.
16
Suppose -q + 228 = -2*c, -4*q = -2*q - 2*c - 460. What is the greatest common divisor of 174 and q?
58
Suppose 0 = -4*l + 240 + 332. Let i(m) = 10*m**3 + m. Let r be i(1). What is the greatest common divisor of r and l?
11
Let f = 518 - 189. Calculate the highest common factor of f and 141.
47
Suppose -r = 2*r - 120. Suppose 120 = -256*m + 262*m. Calculate the greatest common divisor of r and m.
20
Suppose c - 5*w = -4*c + 150, c - 12 = -5*w. Suppose 0 = -2*i + 2*d + 64, -2*i + 17 = 2*d - c. Calculate the greatest common divisor of i and 54.
27
Suppose 5*l + 17 + 13 = 0. Let h = l + 34. Calculate the greatest common divisor of 4 and h.
4
Let h(i) = 2*i**2 - 2*i - 2. Let c be h(-3). Let l(f) = -f**2 + 12*f - 2. Let m be l(8). Let y = m - c. What is the greatest common divisor of 12 and y?
4
Let d(a) = -84*a**3 - 2*a**2 + 9*a + 9. Let c be d(-3). What is the greatest common factor of c and 72?
72
Let o(p) = 2*p**3 + p**2 - 3*p + 2. Let a be o(1). Let r(n) = n**3 - n**2 - n - 1. Let m be r(a). Calculate the greatest common factor of 7 and m.
1
Let w = -743 - -879. What is the highest common factor of w and 8?
8
Let s = 1618 - 1194. Calculate the highest common divisor of s and 53.
53
Suppose 0 = -4*g - 2*i - 9 - 1, -5*i = -25. Let d be (-92)/(-10) + 1/g. What is the highest common factor of d and 9?
9
Suppose -3*b - 2*u + 6078 = 2*b, 5*u + 5 = 0. Calculate the highest common factor of b and 228.
76
Suppose -5*c = -242 + 17. Suppose 2*q - 4*j + 43 = 7*q, -5*q + c = 5*j. Suppose q = 5*w - 3. What is the highest common divisor of 10 and w?
2
Let k be 2/(-7) - 2/(-7). Let o = -311 + 315. Suppose -d - o*d + 30 = k. Calculate the greatest common divisor of 9 and d.
3
Let q be -5 + 2 + 23 - 1. Suppose 2*s - q + 11 = 0. What is the greatest common divisor of s and 2?
2
Let s(z) = -2*z**2 - 7*z - 2. Let d be s(-4). Let x be (-2)/d + (-5)/15. Suppose x = p - 11 - 7. What is the highest common divisor of 12 and p?
6
Suppose -1517 = -8*z + 219. What is the greatest common divisor of z and 62?
31
Suppose -5*q + 17 = 3*l - 2, 5*l - 15 = 0. Let b(k) = q + k + 10 + k - 4*k. Let o be b(0). What is the highest common factor of 96 and o?
12
Suppose 58 = 3*r - 77. Let j be 4/(0 - 8)*-10. Calculate the greatest common factor of r and j.
5
Suppose 4*d + 15 = -1, 5*d + 20 = -5*k. Suppose k = 10*u - 7*u - 54. Let f be -12*(1 + (-6)/4). What is the highest common divisor of u and f?
6
Let y = 7 - 5. Suppose 2 = y*t - 6. Suppose t*u = u + 195. Calculate the greatest common factor of 13 and u.
13
Let n(j) = 3*j + 52. Let w be n(-10). Calculate the greatest common factor of 2 and w.
2
Let y = -47 - -92. What is the highest common divisor of 165 and y?
15
Let o be 6/10 - -33*36/20. Suppose -j = 2*j - 45. Calculate the highest common factor of o and j.
15
Suppose 56 = 5*o + 2*c, 64 = -21*o + 26*o - 2*c. Suppose -5*y = m - 56, -3*m + 0*y + y + 104 = 0. What is the greatest common divisor of m and o?
12
Let z(n) = 2*n**2 + 12*n + 18. Let s(f) = -8*f**3 - 2*f**2 + 1. Let a be s(1). Let i be z(a). Calculate the highest common divisor of i and 18.
18
Let n = 10 + -11. Let i be n/(-4) - 49/4. Let r = 20 + i. What is the highest common divisor of r and 56?
8
Let i be 1*2*3/3. Suppose 0 = 8*h - 13*h - 65. Let v(k) = 2*k + 48. Let a be v(h). What is the highest common divisor of a and i?
2
Suppose 0 = -4*b - 0*b + 24. Suppose -3*i + 240 = i. What is the highest common divisor of b and i?
6
Suppose 2*k + z - 89 = 0, 2*k - k - 32 = -3*z. Calculate the highest common divisor of k and 1.
1
Let j be (-121)/(-3) + -3 + (-4)/(-6). Calculate the greatest common divisor of 19 and j.
19
Let k(a) = -a**3 - 19*a**2 + 18*a - 18. Let n be k(-20). Calculate the highest common divisor of n and 44.
22
Suppose -24 = -25*w + 24*w. Calculate the greatest common factor of w and 24.
24
Let q be 12/(-108) - (-1046)/18 - 3. Calculate the highest common factor of 154 and q.
11
Let c(q) = 8*q**2 - q**3 - 17*q**2 + 6*q**2 - q - 11. Suppose 0 = 2*b - 4, 0 = 4*h - h + 2*b + 11. Let u be c(h). What is the highest common divisor of 4 and u?
4
Let j be 149/3 + 2/(-3). Let c be (2 - 6)*(-6)/8. Suppose 0 = -4*q - 12, 0 = -5*d + 3*q - c + 47. What is the highest common divisor of j and d?
7
Let w = 689 + -688. Calculate the highest common factor of 1 and w.
1
Let n = -274 - -505. Calculate the greatest common divisor of n and 84.
21
Let l = 1243 - 869. Let p be 444/13 + (-26)/169. Calculate the highest common divisor of p and l.
34
Suppose -4*r - 56 = -3*z - 2*z, -r = -4*z + 25. Let u be (0 - -14) + (-13 - r). Calculate the greatest common factor of u and 15.
5
Suppose -1124 = -45*k + 136. Let s(q) = 57*q - 2. Let o be s(2). What is the greatest common factor of k and o?
28
Let j(i) = i**2 - i - 7. Let o be j(5). Let b be 2/8 - (-1660)/16. Let l be (-5)/((-5)/(-3))*b/(-3). Calculate the highest common divisor of l and o.
13
Let v = -184 + 311. Suppose v - 43 = 2*f. Let m = 13 + 1. What is the highest common divisor of m and f?
14
Let n = 43 - 45. Let b be (-4 + 85/10)/((-1)/n). Calculate the greatest common factor of 63 and b.
9
Let a(m) = 91*m**2 - 5*m + 13. Let r be a(3). What is the highest common divisor of 19 and r?
19
Let l(r) = 2*r - 6. Let g be l(-7). Let u be 4 + (g/(-1) - 0). What is the highest common divisor of u and 72?
24
Let v(j) = -4*j**2 - 39*j - 21. Let t be v(-7). Calculate the highest common factor of t and 532.
28
Suppose 0 = -2*i - 8, 5*y = 4*i - 225 + 556. Suppose -32 = -2*f + 4*o, 2*o = 4*f - 31 - y. Let x = f - 14. What is the highest common divisor of 24 and x?
12
Suppose -4*u - 4*k + 740 = 0, -13*u + 9*u + 728 = -2*k. What is the highest common divisor of u and 3?
3
Suppose -9*p = -77 + 5. Calculate the highest common factor of 24 and p.
8
Let u(c) = c**2 + 2*c - 4. Let m be u(-6). Suppose -6*f - m = -7*f. Calculate the highest common factor of 50 and f.
10
Suppose -5*w = 3*t - 11 - 73, -4*w + 12 = 0. Calculate the greatest common factor of 92 and t.
23
Suppose -69 = -2*g + 87. Suppose 33 = -p - 4*c + 10, 4*p + g = -2*c. Let a = 25 + p. What is the greatest common factor of a and 4?
2
Suppose 6*h - 203 = 3151. Calculate the greatest common divisor of 43 and h.
43
Let u = -2702 + 3835. Calculate the highest common factor of 11 and u.
11
Let y = 1701 - 1642. What is the greatest common factor of 177 and y?
59
Suppose 6*n = -0*n + 54. Let a = 9 - n. Suppose a = -4*k + 300 - 12. What is the greatest common divisor of k and 18?
18
Let m be -2 + 33/9 - 15/(-45). Let q = 27 + -23. Calculate the greatest common factor of m and q.
2
Let m(i) = -2*i + 10. Let g be m(4). Let y be -22 - 3 - (g + -1). Let n = y + 30. What is the highest common factor of 20 and n?
4
Let z(r) = r + 20. Let q be z(-15). What is the greatest common factor of q and 195?
5
Let p be -5 + 1 + 7/(70/2560). What is the greatest co